the prime factors of 1475554?
2, 113, 6529
List the prime factors of 106657.
106657
What are the prime factors of 294176?
2, 29, 317
List the prime factors of 26628825.
3, 5, 23, 43, 359
What are the prime factors of 246479?
103, 2393
What are the prime factors of 60186?
2, 3, 7, 1433
List the prime factors of 873978.
2, 3, 7, 20809
List the prime factors of 2209518.
2, 3, 23, 593
List the prime factors of 1986507.
3, 19, 11617
List the prime factors of 2837617.
2837617
What are the prime factors of 1850267?
1850267
List the prime factors of 290058.
2, 3, 29, 1667
List the prime factors of 312083.
312083
List the prime factors of 481572.
2, 3, 7, 13
What are the prime factors of 57961?
149, 389
List the prime factors of 131299.
7, 18757
What are the prime factors of 951393?
3, 307, 1033
List the prime factors of 34434525.
3, 5, 459127
What are the prime factors of 1163169?
3, 7, 37, 499
List the prime factors of 793517.
793517
What are the prime factors of 4635390?
2, 3, 5, 17, 61, 149
List the prime factors of 611830.
2, 5, 17, 59, 61
List the prime factors of 31422549.
3, 787, 13309
List the prime factors of 2795102.
2, 1397551
List the prime factors of 58575.
3, 5, 11, 71
List the prime factors of 303518.
2, 17, 79, 113
List the prime factors of 415739.
19, 21881
What are the prime factors of 344691?
3, 38299
List the prime factors of 419772.
2, 3, 34981
What are the prime factors of 16650449?
59, 241, 1171
What are the prime factors of 3100260?
2, 3, 5, 163, 317
List the prime factors of 43893.
3, 4877
List the prime factors of 1762070.
2, 5, 176207
List the prime factors of 205519.
205519
List the prime factors of 37124530.
2, 5, 23, 161411
What are the prime factors of 3090590?
2, 5, 309059
List the prime factors of 1279285.
5, 7, 36551
What are the prime factors of 1912433?
1367, 1399
List the prime factors of 3279717.
3, 7, 37, 67
What are the prime factors of 16479823?
73, 225751
What are the prime factors of 214513?
13, 29, 569
List the prime factors of 141543.
3, 15727
What are the prime factors of 76755?
3, 5, 7, 17, 43
What are the prime factors of 345039?
3, 115013
What are the prime factors of 7010198?
2, 13, 269623
What are the prime factors of 5740823?
11, 23, 22691
What are the prime factors of 20633682?
2, 3, 17, 202291
List the prime factors of 205187.
205187
List the prime factors of 1404425.
5, 11, 5107
List the prime factors of 7239.
3, 19, 127
What are the prime factors of 1328001?
3, 179, 2473
What are the prime factors of 299158?
2, 149579
List the prime factors of 2473621.
643, 3847
What are the prime factors of 10662259?
10662259
What are the prime factors of 25855866?
2, 3, 1436437
List the prime factors of 4335154.
2, 19, 114083
What are the prime factors of 3081612?
2, 3, 256801
List the prime factors of 536591.
11, 48781
List the prime factors of 491837.
491837
List the prime factors of 4124358.
2, 3, 7, 3637
List the prime factors of 1715186.
2, 11, 53, 1471
List the prime factors of 55714.
2, 89, 313
List the prime factors of 9712034.
2, 1187, 4091
What are the prime factors of 29605602?
2, 3, 13, 17, 83, 269
What are the prime factors of 120022?
2, 7, 8573
List the prime factors of 726451.
11, 66041
List the prime factors of 408392.
2, 71, 719
What are the prime factors of 209828?
2, 52457
List the prime factors of 2790897.
3, 211, 4409
List the prime factors of 423879.
3, 229, 617
List the prime factors of 4152587.
4152587
What are the prime factors of 162586?
2, 81293
What are the prime factors of 40649?
7, 5807
What are the prime factors of 297320?
2, 5, 7433
List the prime factors of 851514.
2, 3, 139, 1021
List the prime factors of 100101.
3, 61, 547
List the prime factors of 231929.
59, 3931
List the prime factors of 156056.
2, 19507
List the prime factors of 43774.
2, 43, 509
What are the prime factors of 1589841?
3, 11, 53, 101
List the prime factors of 46003.
179, 257
List the prime factors of 1166488.
2, 139, 1049
What are the prime factors of 972863?
29, 33547
List the prime factors of 302714.
2, 151357
List the prime factors of 10625885.
5, 23, 92399
What are the prime factors of 28303?
11, 31, 83
What are the prime factors of 1937193?
3, 43, 15017
List the prime factors of 106571.
19, 71, 79
List the prime factors of 18928451.
47, 521, 773
What are the prime factors of 2714475?
3, 5, 17, 2129
List the prime factors of 3303326.
2, 13, 127051
What are the prime factors of 2519356?
2, 7, 89977
List the prime factors of 180332.
2, 45083
List the prime factors of 748386.
2, 3, 13859
What are the prime factors of 14603832?
2, 3, 43, 53, 89
What are the prime factors of 316544?
2, 2473
What are the prime factors of 335814?
2, 3, 97, 577
List the prime factors of 22890504.
2, 3, 7, 13, 47, 223
List the prime factors of 8575549.
1579, 5431
List the prime factors of 128241.
3, 14249
List the prime factors of 16110223.
16110223
What are the prime factors of 30284416?
2, 197, 1201
List the prime factors of 101016.
2, 3, 23, 61
What are the prime factors of 2370295?
5, 474059
List the prime factors of 2377195.
5, 17, 27967
List the prime factors of 5370746.
2, 2685373
List the prime factors of 1662827.
461, 3607
What are the prime factors of 177519?
3, 47, 1259
List the prime factors of 272408.
2, 17, 2003
What are the prime factors of 2444870?
2, 5, 109, 2243
What are the prime factors of 208126?
2, 19, 5477
List the prime factors of 10285709.
7, 359, 4093
What are the prime factors of 10459089?
3, 23, 50527
List the prime factors of 2885564.
2, 11, 65581
List the prime factors of 268735.
5, 71, 757
List the prime factors of 1003749.
3, 31, 43, 251
What are the prime factors of 506795?
5, 101359
List the prime factors of 38103064.
2, 241, 19763
What are the prime factors of 2216480?
2, 5, 7, 1979
What are the prime factors of 502423?
37, 367
What are the prime factors of 1172107?
1172107
List the prime factors of 1011713.
131, 7723
What are the prime factors of 20697?
3, 6899
What are the prime factors of 8897?
7, 31, 41
List the prime factors of 4352039.
4352039
List the prime factors of 1867996.
2, 13, 35923
What are the prime factors of 16794479?
13, 1291883
What are the prime factors of 16096?
2, 503
List the prime factors of 29259380.
2, 5, 17, 47, 1831
What are the prime factors of 347873?
347873
List the prime factors of 1509478.
2, 754739
What are the prime factors of 31446459?
3, 11, 43, 83, 89
List the prime factors of 19879572.
2, 3, 1656631
What are the prime factors of 4393221?
3, 7, 209201
List the prime factors of 1501775.
5, 11, 43, 127
What are the prime factors of 4528445?
5, 97, 9337
List the prime factors of 43231.
17, 2543
What are the prime factors of 215470?
2, 5, 29, 743
List the prime factors of 27231282.
2, 3, 13, 38791
List the prime factors of 782410.
2, 5, 78241
What are the prime factors of 73899?
3, 7, 17, 23
List the prime factors of 13720592.
2, 383, 2239
List the prime factors of 2635496.
2, 31, 10627
List the prime factors of 17733.
3, 23, 257
What are the prime factors of 24564?
2, 3, 23, 89
List the prime factors of 6342160.
2, 5, 11, 7207
What are the prime factors of 331639?
7, 11, 59, 73
List the prime factors of 4532915.
5, 47, 19289
List the prime factors of 13145952.
2, 3, 37, 3701
List the prime factors of 323192.
2, 71, 569
List the prime factors of 493875.
3, 5, 439
What are the prime factors of 618081?
3, 206027
List the prime factors of 5749377.
3, 1097, 1747
What are the prime factors of 481935?
3, 5, 19, 89
List the prime factors of 324007.
19, 17053
What are the prime factors of 170868?
2, 3, 29, 491
List the prime factors of 56871.
3, 71, 89
List the prime factors of 3036493.
419, 7247
List the prime factors of 4580726.
2, 23, 99581
List the prime factors of 12767669.
12767669
List the prime factors of 1975215.
3, 5, 11, 11971
What are the prime factors of 176708?
2, 7, 6311
What are the prime factors of 7423774?
2, 271, 13697
List the prime factors of 83880.
2, 3, 5, 233
List the prime factors of 5047506.
2, 3, 61, 4597
What are the prime factors of 1614725?
5, 7, 9227
List the prime factors of 19201917.
3, 7, 277, 3301
What are the prime factors of 7670436?
2, 3, 631, 1013
What are the prime factors of 542184?
2, 3, 19, 29, 41
List the prime factors 